2 - n - 6. Let k be d(-11). Suppose 3*b - k*b + 168 = 0. What is the remainder when b is divided by 22?
18
Calculate the remainder when (((-5500)/15)/10)/(4/(-6)) is divided by 21.
13
Let t = -5921 - -5974. Suppose -5*n = -n + 12. Calculate the remainder when t is divided by 1 + n/((-6)/34).
17
Let q = 180 + 125. Calculate the remainder when q is divided by 32.
17
Suppose -7*a + 122 + 193 = 0. Calculate the remainder when 173 is divided by a.
38
Suppose 27 = 4*n - 5. Suppose -5*m - 46 = -36. What is the remainder when 2 + -1 - 3 - 78/m is divided by n?
5
Suppose -g - 2*g = 4*g - 35. Suppose 2*j - 3*o = o + 74, -4*j + 4*o + 128 = 0. What is the remainder when j is divided by g?
2
Let k = 267 + -64. Calculate the remainder when 4/(-6) - k/(-21) is divided by 6.
3
Calculate the remainder when 93 is divided by 2/(-7) + 247/7.
23
Suppose -5*c = -0*c - 2460. Suppose 0*b + c = 2*b. Let a = -138 + b. Calculate the remainder when a is divided by 37.
34
What is the remainder when 3/15 - 1269/(-5) is divided by 52?
46
Let r = -39 - -68. Suppose 5*s - 25 = 0, 0*b = 4*b - 5*s + r. Calculate the remainder when 25 is divided by 2*(b - -3) - -5.
7
Let i = -517 - -545. What is the remainder when 220 is divided by i?
24
Let i be (8/(-28) - (-13)/21)*-9. What is the remainder when 17 is divided by 6 - -1 - i/(-2 - -3)?
7
Suppose -3*x = x + 44. Let t = -5 - x. Calculate the remainder when (-30)/(6/(-2)) + (3 - 3) is divided by t.
4
Let r = 3426 - 3133. What is the remainder when r is divided by 19?
8
What is the remainder when 35/(-21)*(14/(-10) + -4) is divided by -1 + 0 + (7 - 0)?
3
Let q = -548 + 567. What is the remainder when 103 is divided by q?
8
Suppose 7*v + 8429 - 10228 = 0. What is the remainder when v is divided by 41?
11
Suppose h = -3*h + 3*i + 195, -5*i = 3*h - 110. Suppose -333*k - 68 = -337*k. What is the remainder when h is divided by k?
11
Let p be 245/(-14) - (-6)/4. Let h = 19 + p. Suppose 5*i + n - 29 - 124 = 0, -102 = -h*i - 4*n. Calculate the remainder when 117 is divided by i.
27
Let g = -3 - 1. Let k be 6*(8/(-6))/g. Suppose -27 = -j + k*a, 2*j - 2*a + 6*a - 54 = 0. What is the remainder when j is divided by 15?
12
Suppose -4*r + 2*t + 200 = 7*t, -2*t - 250 = -5*r. Let p = r - 30. Calculate the remainder when 58 is divided by p.
18
Suppose -9*i + 168 = -5*i. Calculate the remainder when 56 is divided by i.
14
Let z be (-3 + (-18)/(-4))*64/6. Calculate the remainder when 57 is divided by 1 - 60/(z/(-4)).
9
Let t(r) = 15*r - 1. Suppose 0 = 3*v + v - 64. Suppose -12*k - 32 = -v*k. Calculate the remainder when t(2) is divided by k.
5
Suppose -3*n + z + 53 = 0, 4*z + 25 = -0*n + n. Calculate the remainder when 45 is divided by n.
11
Let v(h) = 20*h - 5. Let r be v(-2). Let j = -19 - r. Calculate the remainder when j is divided by 15.
11
Let x(z) = -17*z - 100. Calculate the remainder when x(-9) is divided by 14.
11
Let t(g) = -2*g**2 - 7*g + 5. Let s(y) = -y**2 - 6*y + 4. Let w(k) = -3*s(k) + 2*t(k). Let x be w(4). What is the remainder when 0 - 1/(x/42) is divided by 6?
3
Suppose 0 = -4*k + 103 - 67. What is the remainder when 178 is divided by k?
7
Let f = -636 + 707. Calculate the remainder when f is divided by 26.
19
Let y be ((-11)/(-4) + -1)/(13/52). Suppose y*u = u + 126. What is the remainder when u is divided by 12?
9
Suppose -w + 14 = 2*j, -5*w + 0*w - 14 = -4*j. Let r be (j/(-5))/((-6)/20). Let d = 8 - r. What is the remainder when 14 is divided by d?
2
Let b(p) = 3*p - 30. Calculate the remainder when b(23) is divided by 17.
5
Let k(j) = -j**3 - 43*j**2 - 88*j - 54. Calculate the remainder when k(-41) is divided by 57.
21
Suppose -11*b = -245 - 305. Calculate the remainder when b is divided by 17.
16
Let o(p) be the first derivative of 4*p**2 - 16*p - 3 - 10/3*p**3 - 1/4*p**4. What is the remainder when 50 is divided by o(-11)?
16
Suppose -5*i - 3*z + 16 = 0, -i - 3*z + 2 - 6 = 0. Suppose 23 = 4*c - 5*b, -3*c = -18*b + 23*b - 61. Calculate the remainder when c is divided by i.
2
Let j(b) = 5*b**2 + 10 - 2 - 18*b - 4*b**2 + 11. Calculate the remainder when (-272)/(-5) - (-2)/(-5) is divided by j(18).
16
Let c(q) = q**2 - q + 3. Suppose -2*y = -4*y + 3*l + 74, l = -2*y + 90. Calculate the remainder when y is divided by c(-3).
13
Let l(o) = o**3 - 47*o**2 + 2*o + 38. Calculate the remainder when l(47) is divided by 36.
24
Let h(i) = 4*i**2 - 3*i - 33. What is the remainder when 819 is divided by h(-5)?
81
Let g(q) = -q**3 - 6*q**2 + 4. Let s(r) = r - 13. Let t be s(7). Calculate the remainder when 14 is divided by g(t).
2
Suppose -14*c - 1 = g - 10*c, -4*g + 50 = -2*c. Let n = g + 2. Calculate the remainder when n is divided by (14/(-8))/((-2)/8).
6
Let b = -14 - 6. What is the remainder when 15 is divided by (26/65)/((-1)/b)?
7
Suppose y + 27 = o - 2*y, 0 = -4*o - 5*y + 57. What is the remainder when 28 is divided by (o - -1) + 4/(-1)?
13
Suppose -1503 = -74*d + 1087. Suppose -2*i = 81 + 253. Let o = i - -269. Calculate the remainder when o is divided by d.
32
Let p be (4/(-5))/((-2)/5). Let k(j) = j**2 - 5*j + 5. Let d be k(8). What is the remainder when d*(p + (-1)/1) is divided by 15?
14
Suppose 0*c = 5*c + v - 24, -4*c - 4*v + 32 = 0. Suppose -c*l = -39 - 9. What is the remainder when l is divided by 7?
5
Let l(d) = d**3 - 3*d**2 - 8*d - 12. Let n be l(5). What is the remainder when n + 2 - -1 - (-13 - 11) is divided by 12?
1
Let k(x) = 2*x**2 + 43*x - 189. Calculate the remainder when 60 is divided by k(4).
0
Suppose -2*z + 5*x = 72, 4*z + 0*x = 4*x - 120. Let a = 95 + z. Calculate the remainder when a is divided by 24.
21
Let o(b) = -2*b**2 + b - 2. Let q be o(2). Let a(g) = -g**2 + 25*g + 22. What is the remainder when a(25) is divided by ((-9)/12)/1*q?
4
Let g(h) = 3*h**3 + 63*h**2 - 3*h + 7. Calculate the remainder when 95 is divided by g(-21).
25
Suppose -5*q - 58 = -3*h, -3*h - 4 = -2*q - 56. Calculate the remainder when 270 is divided by h.
14
Suppose -8*f + 11*f = 150. Suppose -a = 3*t - 45, -5*t = -3*a - 25 - f. What is the remainder when 2*22 + 0 + -1 is divided by t?
13
Let z(d) = -27*d - 1. Let w be z(-5). Suppose 2*j + w = 4*j. Calculate the remainder when j is divided by 14.
11
What is the remainder when 62 is divided by 1/3*(4 - -10 - -10)?
6
Let f(b) = -2*b**2 - 17*b + 12. Let v be f(-9). Suppose v = -4*q + 7. Calculate the remainder when 1 is divided by q.
0
Suppose 65*r - 40 = 61*r. Let j = 40 - r. Calculate the remainder when j is divided by 11.
8
Suppose 41 = -3*f + 389. What is the remainder when f is divided by 9?
8
What is the remainder when 19 is divided by ((-12)/18 - 0)*-18?
7
Let w = -365 - -453. Calculate the remainder when 967 is divided by w.
87
Let n(i) = 3*i**2 + 34*i + 489. Calculate the remainder when n(-11) is divided by 22.
16
Suppose -2*k + 5*k = 3*g + 102, 5*g = 25. Let m = k + -13. Calculate the remainder when (-403)/(-4) + 6/24 is divided by m.
23
Let v(h) = h**3 + h**2 + 20*h + 46. Calculate the remainder when 182 is divided by v(0).
44
Suppose -m + 13 = -0. What is the remainder when 4/14 - (1592/(-14) - 1) is divided by m?
11
Let x(p) = 2*p + 1. Let r = 121 + -76. Let c = -37 + r. Calculate the remainder when c is divided by x(1).
2
Suppose j - 2*i = 0, 5*j = -i + 16 + 28. Let u = -1176 + 1204. What is the remainder when u is divided by j?
4
Suppose -41 = -4*g - 105. What is the remainder when 152 is divided by (-55)/(-2)*g/(-20)?
20
Let g = -768 + 959. Calculate the remainder when g is divided by 16.
15
Suppose 0*k - k + 85 = -5*p, 3*k = p + 297. What is the remainder when k is divided by 40?
20
Let y be (9/4)/(45/840). Suppose -4*i + 30 + y = 0. Calculate the remainder when 69 is divided by i.
15
Suppose -674 + 214 = -23*y. What is the remainder when 61 is divided by y?
1
Suppose 8*k + 97 = 441. What is the remainder when 156 is divided by k?
27
Suppose -4*d = 498 - 1254. What is the remainder when d is divided by 38?
37
Let g(u) = -u**2 - 31*u - 127. What is the remainder when 59 is divided by g(-26)?
2
Let f(m) = -3*m**3 + m**2 - 3*m - 3. Let d be f(-2). Let o(t) = 4 - d*t**2 - 3*t + 42*t**2 + 2*t. Calculate the remainder when o(3) is divided by 34.
32
Suppose 1875 = 11*u + 14*u. What is the remainder when 224 is divided by u?
74
Let v(w) = 11*w**2 - 2*w + 1. Let t be v(1). Su